igit of 32 - ((-12)/(-3) - i)?
0
Let a(q) = 64*q**3 + 4*q**2 - q + 1. What is the thousands digit of a(4)?
4
Let y = 4 - -2. Let u(t) = -8 - y*t - 4*t + 20 + 12*t. What is the tens digit of u(5)?
2
Let i be 6014/10 - 2/5. Suppose 6*z - i + 43 = 0. What is the tens digit of z?
9
Let u(x) = -x**2 - 7*x - 6. Let c be u(-5). Let v = -1 + c. Let w(n) = 9*n - 10. What is the tens digit of w(v)?
1
Let i(y) = 223*y**2 - 16*y - 13. Let f(a) = 74*a**2 - 5*a - 4. Let c(r) = 7*f(r) - 2*i(r). What is the units digit of c(-1)?
3
Suppose -3 = 5*r + 2. Let q(b) = -71*b - 4. What is the units digit of q(r)?
7
Let a(q) = -6 + 49*q - 74*q - 60*q. What is the tens digit of a(-3)?
4
Let v(l) = l**3 - l**2 + 2*l + 2. Suppose 0 = -0*p - 2*p + 4. What is the units digit of v(p)?
0
Let x = 1195 - -290. What is the thousands digit of x?
1
Suppose 186*j = 180*j + 2526. What is the hundreds digit of j?
4
Let f = -745 + 1469. What is the tens digit of f?
2
Suppose -6*p + 17342 = 4772. What is the units digit of p?
5
Suppose 0 = -0*p + 5*p - 3030. What is the units digit of (-1 - -3)*p/12?
1
Let m(k) = 2*k**2 - 3*k - 2*k**3 + 2*k**3 + 2*k**3. Suppose -96*y - 14 = -103*y. What is the units digit of m(y)?
8
What is the hundreds digit of (-4 - -3)/((-5)/2145)?
4
Suppose -4*i + 5*i + 6778 = 5*k, 2701 = 2*k + 3*i. What is the thousands digit of k?
1
Let a be 0/(14 - 6) - (2 + 42). Suppose -4*u = 267 + 25. Let x = a - u. What is the tens digit of x?
2
Let t(y) = y**3 - 5*y**2 + 2*y + 1. Let j be t(3). Suppose 2*g - 80 = 24. Let d = g + j. What is the tens digit of d?
4
Suppose -47*d - 6936 + 39131 = 0. What is the units digit of d?
5
Let j = 430 - 357. What is the tens digit of j?
7
Let d(a) = 15*a - 279. Let h(m) = -7*m + 140. Let c(t) = 6*d(t) + 13*h(t). What is the tens digit of c(0)?
4
Suppose 8*s - 14*s = -20952. What is the units digit of (2/(-8))/((-9)/s)?
7
Suppose 0*b = 4*b - 20. Let y be 35/b*20/14. Suppose w - y = -l + 15, -5*l - 2*w + 131 = 0. What is the units digit of l?
7
Suppose -4*v = -2 - 6. Suppose 0 = v*s + 2*m - m - 214, -2*s + 202 = -2*m. What is the units digit of (6/(-7))/((-3)/s)?
0
Let s(u) = -u + 10. Let q(k) = k + 6. Let l be q(6). Suppose -2*g = -4*g - l. What is the tens digit of s(g)?
1
Let u(p) = 630*p - 540. What is the units digit of u(4)?
0
Let f(x) = -x**3 - 10*x**2 + 22*x - 10. Let a be f(-13). Suppose 0 = -5*j + 259 + a. What is the tens digit of j?
9
Let u = -2 - -5. Let b(v) = v**3 - 3*v**2 + 4*v - 2. Let z be b(u). Suppose -s - 2 + z = 0. What is the units digit of s?
8
Let u = -2568 + 4431. What is the tens digit of u?
6
Suppose -4*l - 300 - 36 = 0. Let s = 24 - l. Suppose x = -3*x + s. What is the tens digit of x?
2
Let b(a) = a**2 - 5*a - 13. Let c be b(7). What is the units digit of -2 + c + (-6 - -51)?
4
Suppose i + 4*a - a + 1 = 0, 2*a - 11 = -3*i. Suppose 4*p - 85 = -i*h + 2*h, 3 = -3*h. Suppose -2*t = -p - 18. What is the tens digit of t?
2
Suppose 5795 = 18*q + q. What is the tens digit of q?
0
Let n = 13 - -93. Suppose 2*f + 326 + 10 = 4*p, n = p + 5*f. What is the units digit of p?
6
Let n(y) = y**2 - 9*y + 2. What is the units digit of n(9)?
2
Suppose 2*m + 3*m - 605 = 0. Let x = -35 + -50. Let t = x + m. What is the tens digit of t?
3
Suppose 5*d = 3*a + 53, 0 = -d - 3*a + 13 + 12. Let l(s) = 17*s. What is the tens digit of l(d)?
2
Let g(y) = y**2 - 7*y - 3. Let a be g(-6). Let d = -52 + a. Let m = 59 - d. What is the units digit of m?
6
Let n(a) = -a**2 + 10*a - 12. Let c be n(8). Let l(g) = 2*g**3 - 6*g**2 + 6*g - 7. Let q be l(c). Suppose 7*z - 6*z = q. What is the units digit of z?
9
Let h(z) = 91*z - 12. Let g be h(6). Suppose 3*d - 192 = g. What is the units digit of d?
2
Suppose -38*o + 44366 = -53218. What is the thousands digit of o?
2
What is the tens digit of -2 + 44/28 + 59554/77?
7
Suppose -5*d - 3*s = -64, -3*s = -6*d + d + 76. Suppose -j - d = -98. Suppose -141 = -n - 3*n + 5*x, 0 = 2*n + 2*x - j. What is the units digit of n?
9
Let j be -6*3/12*-6. Suppose -j = -3*v + 15. What is the tens digit of (-1)/2*-3*v?
1
Let i = -18 - -10. Let s(a) be the second derivative of a**5/20 + 7*a**4/12 - 7*a**3/6 + 5*a**2 - 14*a. What is the units digit of s(i)?
2
What is the tens digit of 6507/(-6)*(10 + (-440)/33)?
1
Let f = 797 - -688. What is the tens digit of f?
8
Let z be (-27)/(-18)*(-1 - 1). Let x be z/(66/34 + -2). Suppose 69 = 3*g - x. What is the tens digit of g?
4
Suppose -35 = -14*n - 7. Let o(k) = k**3 - 3*k**2 + 2*k + 2. Let m be o(2). Suppose -n*t + m = -18. What is the tens digit of t?
1
Suppose 2*y - 3*l = 4945, -2*l = -12*y + 13*y - 2483. What is the tens digit of y?
7
Let b(k) = -7*k - 34 + k**2 + 7*k. Let x be b(0). Let f = x + 64. What is the units digit of f?
0
Let j be 3 + 2 + -2 - 2. Let d be (j - (-2)/(-6))*45. Let c = -3 + d. What is the tens digit of c?
2
Suppose d + 3*i = 2*i + 45, -8 = -4*i. Let k = d + -39. Suppose 9*g - 59 = 4*g - 4*x, -48 = -4*g - k*x. What is the units digit of g?
1
Suppose -13 + 4 = -3*t. Suppose 4*v - l - 337 = -44, 3*l + 231 = t*v. What is the units digit of v?
2
Let z(v) = -1 + v - 3*v**2 + 5*v**3 + 2*v**3 - v**3. What is the units digit of z(2)?
7
Let q(x) = x - 21. Let o be q(-10). Let y = 32 + o. What is the units digit of y?
1
Suppose 0 = -p + 6*p + 405. Let s = -47 - p. What is the units digit of s - (0 + 1 - 4)?
7
Let v(f) = 17*f - 8. Let i be v(4). Suppose -3*c = h - i, -h + 4*h = -2*c + 173. What is the units digit of h?
7
Let j = 7055 - 4157. What is the hundreds digit of j?
8
Suppose 25*f = 20*f - 1345. Let h = 378 + f. What is the hundreds digit of h?
1
Suppose k - 5*k + 312 = 2*i, -2*k + 3*i = -156. Suppose 74 = 4*c - k. What is the units digit of c?
8
Let y(l) = l. Let v(m) = -35*m - 2. Let b(p) = -v(p) - 2*y(p). Let h be b(-2). What is the tens digit of (h/6)/((-17)/51)?
3
Let y(b) = b + 8. Let w = -8 + 2. Let v be y(w). Suppose h + 83 = 4*l, -v*h = 3*h - 5. What is the units digit of l?
1
Let o(q) = -7*q + 2. Let c = -14 + 8. Let z be o(c). Let m = z - 19. What is the tens digit of m?
2
Let q(k) = k - 7. Let a(y) = -7. Let s(x) = -4*a(x) + 3*q(x). Let p be s(-6). Let l = p + 30. What is the units digit of l?
9
Suppose 13*d = 9965 + 3698. What is the thousands digit of d?
1
Suppose 9*x = -23346 + 66582. What is the units digit of x?
4
Suppose -2*h + 6*h = 4. Let o be -2 + 0*h/(-3). What is the tens digit of (24 - 6) + o + 2?
1
What is the tens digit of (72/(-90))/(4/(-4010))?
0
Suppose -4*y + 3*r + 2870 = -3655, -2*y + 3264 = -2*r. What is the tens digit of y?
2
Suppose -5*h - 9 = 11, -3*h - 300 = 3*g. Let k = g + 193. Suppose -5*w = -k - 18. What is the units digit of w?
3
Let y = -2 + 8. Suppose y*u = -3*u + 702. What is the tens digit of u?
7
Suppose -389 = 7*b - 2846. What is the tens digit of b?
5
Let b(w) = -2*w**2 - 5*w - 2. Let j be b(4). Let r be 4 + (-155)/5 + (-6)/2. Let d = r - j. What is the tens digit of d?
2
What is the thousands digit of (30*259)/7 + -2*2?
1
Let j = -412 + 42. Let u = 643 + j. What is the hundreds digit of u?
2
Let h(o) = 8*o - 30. Suppose -9*v = -12 - 168. What is the tens digit of h(v)?
3
Suppose 5*c - 1161 = -4*i - 0*c, -3*i + 837 = -3*c. Suppose -4*p = -4*f - 1088, p + 3*f - i + 4 = 0. What is the hundreds digit of p?
2
What is the tens digit of 474*(-3)/(-36)*2?
7
Suppose 2*x = -v + 3841, -x - 3*v - 312 = -2235. What is the tens digit of x?
2
Let a be (-12)/66 + (-70)/(-22). Suppose -b + 54 = 2*t, -3*t + t + 150 = a*b. What is the tens digit of b?
4
Suppose 3*l - 7611 = 2*o + o, 0 = -5*l - 2*o + 12657. What is the units digit of l?
3
What is the units digit of (-18832)/(-32) + 1 + 3/2?
1
Let q(j) = -j**2 + 9*j + 5. Let p = 2 - -7. Let v be q(p). Suppose -3*g = 0, 3*l = -l - v*g + 12. What is the units digit of l?
3
Suppose 6*n = 2*n + 24. Suppose -n = 2*z - 4*z. Suppose -z*b = -25 - 41. What is the units digit of b?
2
Let k(g) = 2*g**2 + 0*g**2 - g**3 + g + 2 + 2*g + 0*g. Let q be k(3). Suppose 77 = q*s + 11. What is the tens digit of s?
3
Suppose 1756 = 6*x - 4*x - c, 0 = c - 4. What is the tens digit of x?
8
Suppose -5 = -2*a - 2*f - 1, 4*a = -3*f + 6. Suppose a*o = o - 211. What is the tens digit of o?
1
Let i(d) = 10*d**2 + d - 2. Let l be i(2). Suppose -5*u + l = -45. What is the tens digit of u?
1
Let n(f) = -